*j + 4*k = -2*j. Let g = -23 - -74. Suppose -j*y - y = -g. What is the tens digit of y?
1
Let c(m) = -115*m + 2. Suppose 5*i = b - 10, 4*i + b - 2 = -1. What is the tens digit of c(i)?
1
Let h(f) be the second derivative of -f**6/360 - f**5/40 + 11*f**4/12 + 11*f. Let q(j) be the third derivative of h(j). What is the units digit of q(-6)?
9
Suppose -4*k = -2*r - 8120, 10*k - 3*r = 12*k - 4076. What is the units digit of k?
2
Let i(a) = 2*a - 6. Let g be i(4). Suppose -12 = 3*k, -g*l + 0*l + k = -4. Suppose -2*m - 4*d + 38 = 0, l = -5*m - 3*d - 2*d + 70. What is the units digit of m?
9
What is the tens digit of (31*(1 + -2))/((-12)/228)?
8
Suppose o + 7 = -4*h - 0*h, 12 = 2*o - 5*h. Let k = 31 + o. What is the units digit of k?
2
Let v be 5/10*-3*2. Let i(u) = 3*u**2 - 2*u - 3. What is the units digit of i(v)?
0
Suppose -3*m + 1977 = 2*p - 938, 2*m - 4360 = -3*p. Suppose p = 2*g + 3*g. Suppose 114 - g = -4*q. What is the units digit of q?
4
Let p(d) = -107*d - 3. Let z(h) = -h**2 - 5*h + 23. Let n be z(-8). What is the hundreds digit of p(n)?
1
What is the hundreds digit of -11*((-54)/24 - 1)*4?
1
Let u = -20 - -58. Suppose -u = -f + 9. What is the tens digit of f?
4
Let b(y) = 3*y**3 - 4*y**2 + 4*y - 3. Suppose -3*m = -5*m + 6. What is the tens digit of b(m)?
5
Suppose 12*d - 15*d + 30 = 0. Let w(y) = -y - 3*y - 14 + 2*y + 4*y. What is the units digit of w(d)?
6
Suppose 1702 = 4*w - 3*z, -w + 2*z + 434 = -3*z. What is the units digit of w?
4
Let b(q) = -q + 4. Let k = -3 - -17. Let o be b(k). Let p = o - -26. What is the tens digit of p?
1
Suppose p - 5 = 0, -p - 541 = -3*h + 1044. What is the hundreds digit of h?
5
Suppose -4*u - 36 = -52. Suppose -184 = -u*i + 4*r, -2*r + 16 = -i + 63. What is the units digit of i?
5
Let w = -1023 + 2032. What is the tens digit of w?
0
Let y(a) = 2*a - 4. Let h be y(2). Suppose h = -17*p + 33*p - 4240. What is the hundreds digit of p?
2
Let w(h) = -h**3 - 15*h**2 + 25*h + 14. What is the thousands digit of w(-21)?
2
Suppose 0*a - 420 = -5*a. What is the tens digit of (-17 - -14) + a + 0?
8
Let f be 206/6 - (-6)/9. Let w = f + 58. What is the units digit of w?
3
Let l be 4/2*18/(-4). Let y(u) = -4*u + 7. Let k(h) = 8*h - 15. Let z(b) = l*y(b) - 4*k(b). What is the tens digit of z(10)?
3
Suppose 0 = -5*k + 3*w + 1304, -4*k + 6*w + 1038 = w. What is the hundreds digit of k?
2
Let q be (2/(-1))/((-5)/50). Suppose -3*m - 3*r - r = -q, -m - 4*r = -20. Suppose -52 = -4*g - 3*t, m = t - 4. What is the units digit of g?
0
Let y(v) = 3*v**3 - 15*v**2 + 8*v - 9. Let s be y(4). Suppose -102 = -2*l - 0*l. Let i = l + s. What is the tens digit of i?
2
Suppose -8*f + 5*f + 96 = 0. Suppose 0 = 3*g - f - 166. Suppose -2*o + 4*y - g + 206 = 0, 4*y - 132 = -2*o. What is the units digit of o?
8
Let z = 3446 + -1077. What is the units digit of z?
9
Let c(x) = -x**2 - 9*x - 6. Let r be c(-6). What is the tens digit of 3/12 + 249/r?
2
Let a = 605 - 322. What is the tens digit of a?
8
Suppose 18 = 4*s - 2*v, -5 + 2 = 3*s + 4*v. Suppose s*c = -3*c + 210. What is the tens digit of c?
3
Suppose 15671 = 3*d + 4*a, 6*d - 7*d + 3*a + 5228 = 0. What is the thousands digit of d?
5
Let c(u) = 9*u**2 + 3*u + 413. What is the tens digit of c(18)?
8
Suppose -5*x - 5*w = -35, 3*w + 7 = 19. Let d(t) = -4*t**2 + 2*t + 2. Let c be d(2). What is the tens digit of 21 - c - x*1?
2
Let r = -50 - -52. Suppose 0 = -5*j - r*v - v + 379, -6 = 3*v. What is the units digit of j?
7
Suppose 10467 = -98*v + 101*v. What is the thousands digit of v?
3
Let d = 2331 - -237. What is the units digit of d?
8
Suppose -4*r - 3*h = -1 - 6, -3*r - 2*h + 4 = 0. Let m be r/(-1 - 3 - -3). Suppose t - f = 4 - m, 2*f = 5*t - 13. What is the units digit of t?
3
Suppose -5*p - p = 240. Let a = p - -96. What is the tens digit of a?
5
Let v(z) = 42*z**3 - 13*z - 11 - 9*z**2 - 20*z**3 - 23*z**3. Let a(q) = q**2 + 10*q + 8. Let d be a(-8). What is the tens digit of v(d)?
2
Let u = -2127 + 3991. What is the hundreds digit of u?
8
Suppose -2*g - 100 = -5*t, -3*t - 2*g = -2*t - 8. Let p be 6*(-6)/15*5. What is the units digit of -4*3/p*t?
8
Let r(j) = j**2 + 5*j + 3. Let q be r(-5). Let t = 5 - q. Suppose 0*h - t*h = -42. What is the units digit of h?
1
Let o(x) = -x - 2. Let f be o(-2). What is the tens digit of f - -18*(-3)/(-2)?
2
Let p = 7 - -6. Let z be -1 - 1*p/(-1). Suppose 0 = z*f - 7*f - 100. What is the units digit of f?
0
Let p be 0 + ((-8)/3 - (-2)/3). What is the units digit of (1/p)/((-1)/196)?
8
Suppose -5*g = -0*g + 5. Let t be -2 + (-1)/(g/25). Let q = t - 15. What is the units digit of q?
8
Let b(l) = 15*l**2 - 9*l + 70. What is the units digit of b(-7)?
8
Let b(z) be the third derivative of z**4/12 - z**3 - 2*z**2. Let c be 2/(-18) - 111/(-27). What is the units digit of b(c)?
2
Let b(y) = -289*y - 67. What is the tens digit of b(-7)?
5
Let n = -122 + 110. Let s(x) = x**2 - 18. What is the tens digit of s(n)?
2
Suppose 2*p - 25 - 85 = 0. Let o = p - 23. What is the tens digit of o?
3
Suppose 5*p + 9 + 3 = -j, -j = 3*p + 6. What is the units digit of 0 - ((j + -4)/(-1) - 89)?
8
Let b(z) = 3*z + 27. Let q be b(-8). Suppose -5*l = -5*r - 20, -l = -q*l + 4*r + 2. What is the units digit of l?
7
Let q(f) = -16*f**3 + 2*f**2 - 2*f - 4. Let b(w) = -31*w**3 + 5*w**2 - 5*w - 9. Let z(m) = 4*b(m) - 9*q(m). What is the tens digit of z(1)?
2
Let z(i) = -i - 3 - 2 + i**2 + i**3 + 6. Let r be z(1). Suppose -5*t + 99 = 2*a, -r*t + 46 = a - 3*t. What is the units digit of a?
7
Let k be (-8)/(-10) + -1*(-1)/5. Let r(l) = 188*l**3 + 1. What is the tens digit of r(k)?
8
Let p be 4/6 - (-260)/6. Suppose -40*y - 324 = -p*y. What is the units digit of y?
1
Let f(g) = -9*g**2 - 4*g - 8 - 4*g**2 + 14*g**2. Let b be f(6). Let t(r) = 9*r - 5. What is the units digit of t(b)?
1
Let d = 18 - -69. What is the tens digit of d?
8
Let s(a) = 152*a**2 - 5*a - 9. What is the tens digit of s(-2)?
0
Let k(j) = -j - 3. Let a be k(-3). Suppose -5*s - 3*r + 2 = a, 2*s + 5*r - 1 + 4 = 0. What is the units digit of ((-27)/15)/(s/(-5))?
9
Let r(f) = -f**2 - 7*f - 7. Let c be r(-6). What is the units digit of (c - -4) + -3 + 0 + 77?
7
Let n(f) = -f**2 + 9*f + 22. Let b be n(11). Suppose -s - 4*s + 255 = b. What is the tens digit of s?
5
Let u = -1364 - -1610. What is the hundreds digit of u?
2
Let z be (-4)/14 - (-107)/7. Suppose 4*d = -z - 1. Let c = d - -9. What is the units digit of c?
5
Suppose 9*v + 10*v = 8474. What is the tens digit of v?
4
Let a be 10/(-3)*354/(-4). Suppose -b + 85 = -5*p, -2*b - p + a = 3*b. What is the units digit of b?
0
What is the units digit of ((-60)/14)/((-7 + 27)/(-8400))?
0
Let d = -2370 - -4671. What is the tens digit of d?
0
Let p be 2/17 + (-1512)/(-153). Let a(f) = 2*f - 4. Let c be a(3). Suppose -91 = -c*l + 3*n, 34 = l - 2*n - p. What is the units digit of l?
0
Suppose 14*i = 17*i - x - 2823, 2*x - 4705 = -5*i. What is the hundreds digit of i?
9
Suppose -23*y + 11*y + 576 = 0. Let b = -7 - -10. Suppose b*p = -p + y. What is the tens digit of p?
1
Let x(y) = -4 - 2*y + 3*y**2 + 7*y - 4*y**2. Let o be x(4). Suppose o = -5*f + 126 - 31. What is the tens digit of f?
1
Let z(h) = -h**3 + 3*h**2 + 6*h - 5. Let n be z(4). Suppose 3*l + 3*w - 954 = -2*l, -5*w = n*l - 582. What is the units digit of l?
9
Let p = 247 + 75. What is the hundreds digit of p?
3
What is the tens digit of (-5)/(40/(-14648)) + -2?
2
Let f be 7/(-28)*(-1 - 187). Let k = f - -30. What is the units digit of k?
7
Let x = 4015 + -2268. What is the hundreds digit of x?
7
Let v(s) = s**3 + 21*s**2 + 15*s - 41. What is the hundreds digit of v(-19)?
3
Let f(w) = 41*w + 9. Suppose -4*u = -3*v - 3 - 1, -2*v = -2*u. What is the hundreds digit of f(u)?
1
Let i(m) = -1 - 11*m - 2 + m. Let k(n) = n**3 + 7*n**2 + 6*n + 40. Let c be k(-7). What is the units digit of i(c)?
7
Let v(h) = h**2 - 11*h + 1227. What is the hundreds digit of v(0)?
2
Let b(a) = -2*a**3 - 5*a**2 + 2*a - 12. Suppose -14 = 10*v + 46. What is the tens digit of b(v)?
2
Let t be 0 + 0 + (97 - 1). Suppose -14*p = -18*p + t. What is the tens digit of p?
2
Let x be (-9 + 13)*2*(-6)/(-3). Suppose x*t - 18 = 13*t. What is the units digit of t?
6
Let m = -1889 - -2737. What is the tens digit of m?
4
Let h = 260 + 100. What is the tens digit of h?
6
L